{"id":3,"date":"2022-10-20T04:16:19","date_gmt":"2022-10-20T04:16:19","guid":{"rendered":"http:\/\/www.pensionespana.es\/web\/?page_id=3"},"modified":"2022-10-22T06:50:06","modified_gmt":"2022-10-22T06:50:06","slug":"privacidad","status":"publish","type":"page","link":"https:\/\/www.pensionespana.es\/web\/privacidad\/","title":{"rendered":"Pol\u00edtica de privacidad"},"content":{"rendered":"\n<p>En cumplimiento de la legislacion vigente, el titular de esta web es xxx<br>Esta web es la p\u00e1gina oficial de la Pensi\u00f3n Espa\u00f1a, pensi\u00f3n de X<sup>*<\/sup>, modalidad ciudad, inscrito en Turismo con el numero H\/CA\/X.<br>Esta web solo instala cookies de sesi\u00f3n (con fines estad\u00edsticos) y no recopila datos de car\u00e1cter personal.<\/p>\n\n\n\n<p>La finalidad de la recogida y tratamiento de los datos que nos env\u00ede por e-mail es prestarle el servicio que nos encomienda, para lo que estamos legitimados en base a su consentimiento. No realizaremos an\u00e1lisis de perfiles ni cederemos la informaci\u00f3n salvo por obligaci\u00f3n legal.<\/p>\n\n\n\n<p>RGPD y normativa espa\u00f1ola concordante: los datos de car\u00e1cter personal que nos proporciona cumplimentando este formulario ser\u00e1n tratados por\u00a0xxx, como Responsable de Tratamiento. La finalidad de la recogida y tratamiento de los datos es prestarle el servicio que nos encomienda, para lo que estamos legitimados en base a su consentimiento. No realizaremos an\u00e1lisis de perfiles ni cederemos la informaci\u00f3n salvo por obligaci\u00f3n legal.<\/p>\n\n\n\n<p>Los datos que nos facilita est\u00e1n ubicados en nuestros archivos y\/o equipos inform\u00e1ticos. Puede acceder, rectificar, limitar y suprimirlos en\u00a0<strong>CALLE MARQU\u00c9S DE C\u00c1DIZ, 9; 11005 C\u00c1DIZ<\/strong>. Tiene derecho a presentar una reclamaci\u00f3n ante la Agencia Espa\u00f1ola de Protecci\u00f3n de datos en: www.agpd.es. Mayor informaci\u00f3n en el Reverso del documento, p\u00e1gina Web o en Tienda.<\/p>\n\n\n\n<p>Puedes consultar nuestra\u00a0<a href=\"\/cookies\/\">informaci\u00f3n sobre cookies<\/a>\u00a0y nuestra\u00a0<a href=\"\/legal\/\">informaci\u00f3n legal<\/a>.<\/p>\n","protected":false},"excerpt":{"rendered":"<p>En cumplimiento de la legislacion vigente, el titular de esta web es xxxEsta web es la p\u00e1gina oficial de la Pensi\u00f3n Espa\u00f1a, pensi\u00f3n de X*, modalidad ciudad, inscrito en Turismo con el numero H\/CA\/X.Esta web solo instala cookies de sesi\u00f3n (con fines estad\u00edsticos) y no recopila datos de car\u00e1cter personal. La finalidad de la recogida&hellip;&nbsp;<a href=\"https:\/\/www.pensionespana.es\/web\/privacidad\/\" rel=\"bookmark\">Leer m\u00e1s &raquo;<span class=\"screen-reader-text\">Pol\u00edtica de privacidad<\/span><\/a><\/p>\n","protected":false},"author":1,"featured_media":0,"parent":0,"menu_order":0,"comment_status":"closed","ping_status":"open","template":"","meta":{"neve_meta_sidebar":"","neve_meta_container":"","neve_meta_enable_content_width":"","neve_meta_content_width":0,"neve_meta_title_alignment":"","neve_meta_author_avatar":"","neve_post_elements_order":"","neve_meta_disable_header":"","neve_meta_disable_footer":"","neve_meta_disable_title":"","neve_meta_reading_time":"","advanced_seo_description":"","jetpack_seo_html_title":"","jetpack_seo_noindex":false,"footnotes":""},"class_list":["post-3","page","type-page","status-publish","hentry"],"jetpack_sharing_enabled":true,"_links":{"self":[{"href":"https:\/\/www.pensionespana.es\/web\/wp-json\/wp\/v2\/pages\/3","targetHints":{"allow":["GET"]}}],"collection":[{"href":"https:\/\/www.pensionespana.es\/web\/wp-json\/wp\/v2\/pages"}],"about":[{"href":"https:\/\/www.pensionespana.es\/web\/wp-json\/wp\/v2\/types\/page"}],"author":[{"embeddable":true,"href":"https:\/\/www.pensionespana.es\/web\/wp-json\/wp\/v2\/users\/1"}],"replies":[{"embeddable":true,"href":"https:\/\/www.pensionespana.es\/web\/wp-json\/wp\/v2\/comments?post=3"}],"version-history":[{"count":2,"href":"https:\/\/www.pensionespana.es\/web\/wp-json\/wp\/v2\/pages\/3\/revisions"}],"predecessor-version":[{"id":596,"href":"https:\/\/www.pensionespana.es\/web\/wp-json\/wp\/v2\/pages\/3\/revisions\/596"}],"wp:attachment":[{"href":"https:\/\/www.pensionespana.es\/web\/wp-json\/wp\/v2\/media?parent=3"}],"curies":[{"name":"wp","href":"https:\/\/api.w.org\/{rel}","templated":true}]}}

Política de privacidad

<p>En cumplimiento de la legislacion vigente, el titular de esta web es xxx<br>Esta web es la página oficial de la Pensión España, pensión de X<sup>*</sup>, modalidad ciudad, inscrito en Turismo con el numero H/CA/X.<br>Esta web solo instala cookies de sesión (con fines estadísticos) y no recopila datos de carácter personal.</p>



<p>La finalidad de la recogida y tratamiento de los datos que nos envíe por e-mail es prestarle el servicio que nos encomienda, para lo que estamos legitimados en base a su consentimiento. No realizaremos análisis de perfiles ni cederemos la información salvo por obligación legal.</p>



<p>RGPD y normativa española concordante: los datos de carácter personal que nos proporciona cumplimentando este formulario serán tratados por xxx, como Responsable de Tratamiento. La finalidad de la recogida y tratamiento de los datos es prestarle el servicio que nos encomienda, para lo que estamos legitimados en base a su consentimiento. No realizaremos análisis de perfiles ni cederemos la información salvo por obligación legal.</p>



<p>Los datos que nos facilita están ubicados en nuestros archivos y/o equipos informáticos. Puede acceder, rectificar, limitar y suprimirlos en <strong>CALLE MARQUÉS DE CÁDIZ, 9; 11005 CÁDIZ</strong>. Tiene derecho a presentar una reclamación ante la Agencia Española de Protección de datos en: www.agpd.es. Mayor información en el Reverso del documento, página Web o en Tienda.</p>



<p>Puedes consultar nuestra <a href="/cookies/">información sobre cookies</a> y nuestra <a href="/legal/">información legal</a>.</p>

<p>En cumplimiento de la legislacion vigente, el titular de esta web es xxxEsta web es la página oficial de la Pensión España, pensión de X*, modalidad ciudad, inscrito en Turismo con el numero H/CA/X.Esta web solo instala cookies de sesión (con fines estadísticos) y no recopila datos de carácter personal. La finalidad de la recogida&hellip;&nbsp;<a href="https://www.pensionespana.es/web/privacidad/" rel="bookmark">Leer más &raquo;<span class="screen-reader-text">Política de privacidad</span></a></p>
